rs of 54987030.
2, 3, 5, 7, 87281
List the prime factors of 849762078.
2, 3, 11, 79, 2063
What are the prime factors of 210916234?
2, 105458117
List the prime factors of 3501183.
3, 7, 166723
List the prime factors of 1961030867.
43, 47, 61, 15907
What are the prime factors of 250088301?
3, 43, 131, 4933
What are the prime factors of 2015139074?
2, 13, 7307, 10607
List the prime factors of 1345533141.
3, 71, 6317057
List the prime factors of 153978308.
2, 11, 318137
What are the prime factors of 42592483?
941, 45263
What are the prime factors of 41669390?
2, 5, 7, 595277
What are the prime factors of 1772777?
17, 104281
List the prime factors of 124500448.
2, 3890639
List the prime factors of 9685963.
7, 41, 33749
List the prime factors of 28611531.
3, 13, 1447
What are the prime factors of 1776633526?
2, 1109, 801007
List the prime factors of 435374043.
3, 13, 11163437
List the prime factors of 25500700.
2, 5, 255007
What are the prime factors of 182820407?
7, 11, 2374291
What are the prime factors of 51490707?
3, 17163569
What are the prime factors of 5573090?
2, 5, 557309
What are the prime factors of 251477869?
251477869
What are the prime factors of 302609313?
3, 71, 443, 1069
What are the prime factors of 3783138460?
2, 5, 3371, 56113
What are the prime factors of 7848672191?
23, 341246617
List the prime factors of 440750198.
2, 7, 127, 5059
List the prime factors of 1438135880.
2, 5, 31, 1159787
What are the prime factors of 112706038?
2, 199, 283181
List the prime factors of 667714768.
2, 7, 851677
List the prime factors of 39997398.
2, 3, 7, 59, 16141
List the prime factors of 11863792.
2, 163, 4549
What are the prime factors of 377472382?
2, 7, 3851759
List the prime factors of 636065467.
89, 109, 173, 379
List the prime factors of 38002536.
2, 3, 11, 13, 3691
List the prime factors of 1517985404.
2, 13, 29192027
List the prime factors of 207860616.
2, 3, 1543, 1871
List the prime factors of 38864787.
3, 13, 89, 11197
List the prime factors of 57962850.
2, 3, 5, 11, 35129
List the prime factors of 385343205.
3, 5, 13, 701, 2819
What are the prime factors of 1223792152?
2, 11, 13906729
What are the prime factors of 2255634371?
2255634371
What are the prime factors of 1861253433?
3, 13, 19, 837271
What are the prime factors of 184508275?
5, 7, 21517
What are the prime factors of 223535521?
11, 1847401
List the prime factors of 6985702470.
2, 3, 5, 83, 479, 5857
List the prime factors of 441784846.
2, 19, 11625917
What are the prime factors of 1217401120?
2, 5, 13, 585289
What are the prime factors of 740926297?
740926297
What are the prime factors of 773620497?
3, 13, 2204047
What are the prime factors of 1153980153?
3, 937, 136841
List the prime factors of 813694472.
2, 7591, 13399
What are the prime factors of 2152768026?
2, 3, 181, 1982291
List the prime factors of 132059802.
2, 3, 7, 89, 103
List the prime factors of 2074039357.
13, 89, 1792601
List the prime factors of 667038684.
2, 3, 13, 353, 12113
What are the prime factors of 66265720?
2, 5, 71, 23333
What are the prime factors of 141218718?
2, 3, 139, 169327
List the prime factors of 16689865.
5, 3337973
What are the prime factors of 1088856677?
1088856677
What are the prime factors of 339299358?
2, 3, 23, 601, 4091
List the prime factors of 1590858298.
2, 10321, 77069
List the prime factors of 13710866.
2, 13, 31, 17011
List the prime factors of 28830321.
3, 13, 29, 293
List the prime factors of 82120792.
2, 13, 789623
What are the prime factors of 4099398218?
2, 2049699109
List the prime factors of 130025322.
2, 3, 7, 19, 7759
List the prime factors of 1448015587.
2729, 530603
List the prime factors of 1304691837.
3, 419, 1037941
What are the prime factors of 642797167?
79, 659, 12347
List the prime factors of 150996964.
2, 293, 128837
List the prime factors of 595240632.
2, 3, 7, 168719
List the prime factors of 590164485.
3, 5, 73, 311, 1733
List the prime factors of 7262196.
2, 3, 17, 97, 367
List the prime factors of 31854217.
31854217
What are the prime factors of 3631808028?
2, 3, 263, 1150763
What are the prime factors of 48591732?
2, 3, 7, 23, 3593
List the prime factors of 1052103081.
3, 1097, 319691
List the prime factors of 1984708860.
2, 3, 5, 17, 37, 43, 1223
List the prime factors of 57652771.
11, 37, 141653
What are the prime factors of 6651468339?
3, 19, 179, 651913
List the prime factors of 140850377.
2083, 67619
List the prime factors of 5975975.
5, 19, 23, 547
List the prime factors of 527691378.
2, 3, 977, 90019
What are the prime factors of 616758691?
17, 36279923
What are the prime factors of 77148063?
3, 43, 163, 1223
What are the prime factors of 116683580?
2, 5, 13, 17, 26399
What are the prime factors of 232422287?
232422287
List the prime factors of 178128932.
2, 44532233
What are the prime factors of 92672213?
92672213
What are the prime factors of 191291288?
2, 23911411
List the prime factors of 1998641210.
2, 5, 17, 37, 61, 5209
What are the prime factors of 1042236887?
19, 29, 1891537
List the prime factors of 16060098.
2, 3, 2676683
List the prime factors of 24769077.
3, 263, 31393
List the prime factors of 248564458.
2, 547, 227207
What are the prime factors of 57093829?
13, 971, 4523
List the prime factors of 315677970.
2, 3, 5, 19, 184607
List the prime factors of 2716405872.
2, 3, 29, 1951441
What are the prime factors of 2948910778?
2, 11, 53, 617, 4099
What are the prime factors of 953861252?
2, 238465313
What are the prime factors of 9035474?
2, 7, 37, 17443
What are the prime factors of 378378104?
2, 13, 3638251
List the prime factors of 9284243.
9284243
What are the prime factors of 1143532854?
2, 3, 63529603
What are the prime factors of 193914256?
2, 41, 295601
What are the prime factors of 528676004?
2, 132169001
What are the prime factors of 151367922?
2, 3, 23, 59, 6197
List the prime factors of 89835377.
47, 71, 26921
List the prime factors of 237138585.
3, 5, 15809239
What are the prime factors of 241640935?
5, 6781, 7127
What are the prime factors of 525547825?
5, 11, 1911083
List the prime factors of 3842766693.
3, 167, 311, 8221
List the prime factors of 6159055708.
2, 13, 227, 521777
What are the prime factors of 1363558004?
2, 67, 149, 34147
List the prime factors of 1808615728.
2, 103, 1097461
What are the prime factors of 195470415?
3, 5, 7, 47, 163
List the prime factors of 909646413.
3, 13, 19, 47, 26119
What are the prime factors of 1136495285?
5, 7919, 28703
What are the prime factors of 388434465?
3, 5, 23, 59, 6361
List the prime factors of 105573269.
4451, 23719
What are the prime factors of 100286293?
71, 1412483
What are the prime factors of 96928557?
3, 11, 19, 154591
What are the prime factors of 88201316?
2, 7, 3150047
What are the prime factors of 1142254037?
23, 49663219
List the prime factors of 22204258.
2, 431, 25759
List the prime factors of 1710268517.
1710268517
What are the prime factors of 45298833?
3, 15099611
What are the prime factors of 417808419?
3, 7, 73, 449, 607
What are the prime factors of 132214999?
7, 61, 309637
What are the prime factors of 361255373?
361255373
What are the prime factors of 83410206?
2, 3, 11, 29, 43579
What are the prime factors of 12563232?
2, 3, 11, 11897
List the prime factors of 933340869.
3, 103704541
What are the prime factors of 1668391766?
2, 834195883
What are the prime factors of 5399482?
2, 11, 83, 2957
What are the prime factors of 794703524?
2, 977, 203353
What are the prime factors of 521821422?
2, 3, 1759, 16481
List the prime factors of 159418312.
2, 19927289
What are the prime factors of 213402111?
3, 13, 5471849
List the prime factors of 6392713964.
2, 7, 13, 17562401
What are the prime factors of 8695143?
3, 17, 3343
List the prime factors of 2380146388.
2, 271, 2195707
List the prime factors of 39550468.
2, 9887617
What are the prime factors of 65474892?
2, 3, 7, 9623
List the prime factors of 108482291.
108482291
List the prime factors of 16951577.
16951577
List the prime factors of 880920245.
5, 223, 790063
What are the prime factors of 154899908?
2, 37, 587, 1783
List the prime factors of 299591404.
2, 7, 53, 201881
What are the prime factors of 353439000?
2, 3, 5, 173, 227
List the prime factors of 7424871.
3, 2474957
What are the prime fa